f**3 + f**3 + 2*f - 349 + 302. What are the prime factors of y(8)?
3, 5
List the prime factors of 1/(-6) + 518715/270.
17, 113
Let u(r) = -14*r. Let t be u(-1). Let v = 2 + t. Suppose 188 + v = 4*d. What are the prime factors of d?
3, 17
Let t(m) = m**2 + 8*m + 7. Let v be t(-8). Let o(p) = -5*p - 10 + 2*p - 6*p + p**2 + p**2. List the prime factors of o(v).
5
Let l(k) = 90*k - 21. What are the prime factors of l(8)?
3, 233
Let k(z) = -z**3 + 29*z**2 - 41*z - 10. What are the prime factors of k(13)?
2161
Let v = 787 + -170. List the prime factors of v.
617
Let m(s) = s**2 + 10*s + 4. Let i be m(-10). Suppose -i*h = 3*u - 69, -3*u = 3*h - 6*u - 57. What are the prime factors of h?
2, 3
List the prime factors of (11/(-22))/(4/(-3240)).
3, 5
List the prime factors of 4/80*4 - (-64240)/50.
5, 257
What are the prime factors of -4 - (12 + -1)*-3?
29
Suppose 22*k - 18115 = 17*k + 5*y, -4*k = y - 14507. What are the prime factors of k?
2, 7, 37
Suppose -4*j - 1569 = -7*j. What are the prime factors of j?
523
Suppose 4*l = 6*l + 5*x - 2900, 0 = 5*l - 5*x - 7215. List the prime factors of l.
5, 17
Suppose -5*z + 5*k = -12420, -2*k - 3650 = -4*z + 6286. What are the prime factors of z?
2, 3, 23
Suppose -5*j = 3*r - 20, -j + 4 = 5*r - 2*r. Suppose r = -6*g + 66 + 228. What are the prime factors of g?
7
Suppose 16*t + 302 = 2*a + 14*t, -a + 5*t + 163 = 0. What are the prime factors of a?
2, 37
Suppose 0 = 23*c - 5858 - 13163. What are the prime factors of c?
827
Suppose -28 = -4*t + 2*i, -3*t - 3*i + 10 = -29. Let l(r) = 2*r**2 - 8*r - 9. What are the prime factors of l(t)?
3
Suppose -i - 14 = -5*j, j = -0*j + i + 2. Let g be ((-71)/(-2))/((5 + 2)/14). Suppose -j*k + g = 20. What are the prime factors of k?
17
Let k(n) = n**3 - 21*n**2 + 24*n - 87. What are the prime factors of k(21)?
3, 139
Let t = -355 + 363. What are the prime factors of t?
2
Let f(i) = -2*i**2 - 15*i + 6. Let m be f(-8). What are the prime factors of 7 + (3 + m - 0)?
2
Suppose -3591 = 4*n - 13*n. What are the prime factors of n?
3, 7, 19
List the prime factors of (-2728)/(-10) - 68/85.
2, 17
Let r(m) = 2*m**2 + 6*m - 16. Let t be r(-8). Let n = 10 + t. What are the prime factors of n?
2, 37
Let j(d) = -d**3 - 10*d**2 - d - 21. Suppose -3 = -2*l + 5*h, 3*l - 3*h + 16 = -2. List the prime factors of j(l).
3, 37
Let y = -985 + 1462. List the prime factors of y.
3, 53
Suppose -4*z + 4 = 3*c, -4*z + 7*z - 28 = 4*c. List the prime factors of 6/c*480/(-18).
2, 5
Let w = 50 - 54. List the prime factors of (w + 110)*1 - (2 + -1).
3, 5, 7
Let k = -1127 + 4613. List the prime factors of k.
2, 3, 7, 83
Let q(d) = d + 1. Let u(v) = -2*v**2 + 4*v + 8. Let h(n) = 4*q(n) - u(n). List the prime factors of h(5).
2, 23
Let l = 3 - 5. Let k = l - -2. Suppose 4*n - 52 + 0 = k. What are the prime factors of n?
13
Let l = 293 + -173. Let d = l - -12. List the prime factors of d.
2, 3, 11
Let d(g) = 24*g + 83. What are the prime factors of d(45)?
1163
What are the prime factors of ((-230)/(-69))/((-4)/(-702))?
3, 5, 13
List the prime factors of (2/(-5))/((-45)/180450).
2, 401
Let j = -49 + 53. Suppose 0*g = -g + 5, 0 = 2*x - 3*g + 9. Suppose -x*l - 43 = -j*l. What are the prime factors of l?
43
Suppose 2*l + g = 7*l - 3921, -4*l + 3128 = -3*g. List the prime factors of l.
5, 157
Suppose 3*h = -0*h + 18. Suppose -4 = -2*v - h. What are the prime factors of v + 0 - (0 + -32)?
31
List the prime factors of 4/5*89740/56.
2, 641
Let s = -2 + 11. Suppose -o - 4*x + 7 = -s*x, -2*o = -5*x - 24. List the prime factors of o.
17
Let r be 6/(-1 + -3 + 7 - 1). Suppose -d = -m + 215, -r*d - 442 = -2*m + 2*d. List the prime factors of m.
211
Let y(c) = 3*c**2 - 11*c + 36. List the prime factors of y(-16).
2, 5, 7
Let n be -18*((-4)/3 - -1). Let t(j) = 3*j**3 + 11*j**2 - 4*j + 8. Let y(d) = -d**3 - d**2 - d - 1. Let l(f) = -t(f) - 4*y(f). List the prime factors of l(n).
2
Let i(w) be the third derivative of -43*w**6/120 - w**5/30 - w**4/24 - 7*w**2. What are the prime factors of i(-1)?
2, 3, 7
Let t(p) = 4*p + 34. Let a be t(-7). List the prime factors of ((-28)/a + (-1 - -2))*-27.
3, 11
Suppose -3*i = -9*u + 13*u - 4695, -3521 = -3*u - 2*i. What are the prime factors of u?
3, 17, 23
Let s = 4244 - 2013. List the prime factors of s.
23, 97
Let d(y) = -119*y + 9. List the prime factors of d(-3).
2, 3, 61
Let i = 740 - 460. Suppose 5*p - i = -45. What are the prime factors of p?
47
Let d = 73 + -105. Let w = -114 + 41. Let t = d - w. List the prime factors of t.
41
Let o be (3 - (-2 + -11))/2. Suppose -o*m - 62 = -238. List the prime factors of m.
2, 11
Suppose -3489 = -8*z + 1903. List the prime factors of z.
2, 337
Suppose 4*v = r - 154, 0 = -r - 3*r + 3*v + 668. Suppose i + 4*i + 13 = m, 5*m - 4*i = r. List the prime factors of m.
2, 19
Let j be -5*((-4)/(-10))/(9/(-18)). Suppose -3*h + 139 = 2*y - 107, -j*y - 228 = -3*h. What are the prime factors of h?
2, 5
Suppose -6 - 3 = -3*x. Suppose r + 0*r - x*b = -6, -2*b + 2 = 0. Let c(d) = -10*d - 6. List the prime factors of c(r).
2, 3
Let p = 7390 - 5029. What are the prime factors of p?
3, 787
Let n(y) = -4*y + 4. Let k be n(1). Suppose -5*f + 381 + 84 = k. List the prime factors of f.
3, 31
Let m be 2*(3*4)/2. Suppose -35*w + 247 + 68 = 0. What are the prime factors of w/12 + 567/m?
2, 3
Let j(o) = o**3 - 2*o**2 + o. Let b(t) = -3*t**3 + 7*t**2 - 3*t. Let w(g) = 4*b(g) + 11*j(g). Let i be w(4). Let q = i + 11. List the prime factors of q.
3, 13
Let d = 1836 + -805. List the prime factors of d.
1031
Let z(g) = -g**2 - 5*g + 2. Let j be z(-6). Let i(u) = -u**3 - 5*u**2 + u - 3. Let k be i(-5). What are the prime factors of (-54)/k + (-1)/j?
7
Let t = -2 - -6. Suppose 6 = v - 4*n - 0, 5*v - 3*n - 13 = 0. Suppose 3*l = -t*y + 267, v*y - 141 = l - 0*l. List the prime factors of y.
3, 23
Let k = 24 - 21. Suppose 0 = -0*i - k*i + 150. List the prime factors of i.
2, 5
Suppose -108005 + 9335 = -65*q. What are the prime factors of q?
2, 3, 11, 23
Let x(m) = m**3 + 4*m - 6. List the prime factors of x(7).
5, 73
Let v(t) = t**3 + 9*t**2 - 4*t. Let f be 17/(-2) + 2/(-4). Let x be v(f). Let o = 14 + x. What are the prime factors of o?
2, 5
Suppose 28*x = -9686 + 60702. List the prime factors of x.
2, 911
Suppose 5*v + 2*n - 289 = 0, -167 = -2*v - v + 2*n. Let c = v + 2. List the prime factors of c.
59
Suppose -4*s + 2*s - 12 = 0. What are the prime factors of ((-8)/s)/((-8)/(-108))?
2, 3
Let c be (-34)/(-2)*(-1 - -2) + -3. What are the prime factors of (-1 + -39)*((-35)/c + 2)?
2, 5
Suppose 4*x + 16 = 2*s, -4*s + 2*x + 12 = -2*x. Let f(a) = -a**3 - a**2 + 1. Let r be f(s). Suppose -33 = r*n - 308. What are the prime factors of n?
5, 11
Let q be 2/5 + 673/5. Let d be ((-10)/(-12))/((-9)/(-54)). What are the prime factors of q/6*4/d?
2, 3
Let f(z) = -z**3 - z**2 + 2*z + 2. Let k = -13 - -11. Let s be f(k). Suppose 104 = s*a + 2*a. What are the prime factors of a?
2, 13
Suppose -3*v = -p - 3, 6*v - 2*p = 2*v + 2. Let n(m) = -m + 3*m**3 + 0*m**3 - v*m**2 - 15*m**3. List the prime factors of n(-1).
11
Suppose 3*p = 2*q - 4*q + 32, 4*p = -3*q + 42. Let i = p - 9. Suppose w - 11 = -j, 0*j + i*w = -j + 5. What are the prime factors of j?
2, 7
What are the prime factors of ((-120)/(-100))/(4/3130)?
3, 313
Let g = 116 - 67. Let l be 26/6 + (-12)/(-18). Suppose -l*y = -g - 46. List the prime factors of y.
19
Let k = 13 - -20. Suppose k*q + 94 = 34*q. What are the prime factors of q?
2, 47
Let a(n) = -248*n + 59. List the prime factors of a(-1).
307
Let k(p) = -p**3 + p**2 - p - 2. Let s be k(0). Let m(j) = 2*j**3 + 2*j + 2. Let c be m(s). Let v = c + 35. What are the prime factors of v?
17
Let o(d) = d**2 + 10*d + 11. Let y = -31 + 24. Let i be o(y). Let h(k) = k + 24. List the prime factors of h(i).
2, 7
Let h(j) = j - 19. Let p(l) be the second derivative of -l**3/6 - l**2/2 - 3*l. Let t(d) = h(d) - 3*p(d). What are the prime factors of t(11)?
2, 7
Suppose 3*g + 250 = 5*v, -2*g + 202 = 4*v - 4*g. Let d = v - -139. List the prime factors of d.
2, 3
Let v = -517 + 810. List the prime factors of v.
293
Let o = -2 + 8. Suppose -o = -6*h + 6. Suppose 0 = 9*q - h*q - 574. What are the prime factors of q?
2, 41
Suppose 9 = 3*r - 3*h, -4*r = 4*h - 10 - 2. Let i = 0 + r. Suppose i*n = n + 18. What are 